-3) + 3.
-7
What is 11 - 17 - -9 - (-8 + 2 - 10)?
19
-13 + 13 + 10 + -22 + (43 - 7)
24
35 - ((-4 - -23) + 170 + -204)
50
What is 18 + (69 + -128 - -77)?
36
Evaluate -62 + (-78 + 158 - -2).
20
Evaluate (17 - -101 - 209) + 138.
47
What is 27 + (-16 - (69 - 53))?
-5
What is 8 - (-56 + 1 + 95)?
-32
-18 + (0 - 5) + 418 + -403 - (-1 - 111)
104
What is the value of -79 - 218 - -265 - (96 + -2)?
-126
Evaluate 0 + (-18 - -26 - (44 - -1)) - (1 - -5).
-43
Evaluate (-3 - (2 - (5 - 4))) + -5 - (-403 + 430).
-36
8 + 2 + (15 + -11 - 31)
-17
Calculate 70 - 21 - 88 - 14.
-53
What is the value of (286 - 218) + (2 - (-2 - -2) - (3 + 3))?
64
-11 - (-24 - (-3 - (9 + -10 + 5))) - 15
-9
-28 + 49 + -42 - (-1 - -5)
-25
What is (4 + -141 - (-43 - -65)) + 30?
-129
What is 17 + -20 + -18 + 5 - -6?
-10
(4 - (0 + 3 + -315 + 326 - 7)) + 88
85
Evaluate 49 + (-17 - 52) - -71.
51
Evaluate (-82 - -167) + -74 + -17.
-6
Calculate 3 - ((-197 - -65) + (-2 - 1 - -4) + 7).
127
Calculate 30 + -112 + (-27 - -126).
17
What is 39 + (-14 - (9 + -5 + 4))?
17
Calculate 33 - (30 - (35 + -20 + 19)).
37
Calculate 5 + -9 - (8 + -1 + -8 + -68).
65
What is the value of -3 + 34 - (-288 + 285)?
34
Evaluate (1757 - 1831 - (-2 + (-1 - -17))) + (0 - 13).
-101
What is -84 + 23 + -43 - ((-2 - 2) + -4)?
-96
What is (-30 - -48 - (-9 + -8)) + 12?
47
Evaluate (13 - 30 - 73) + (-9 - (-24 + 11)).
-86
Evaluate 63 + -93 - (-14 - 60).
44
-8 - ((29 - -2) + -3 - -10 - 4)
-42
Evaluate (-32 - -15) + -12 + 80.
51
Calculate 68 - (-59 - (-106 + 35)).
56
77 + -62 + (-3 - 42)
-30
Evaluate -19 - (-4 - -6 - -2 - 2) - 5.
-26
What is -208 - (-50 - 16) - -113?
-29
What is the value of -169 + (-75 - -471) + -84?
143
Calculate -5 + (3 + 9 + -16 - -9) + 35.
35
What is the value of 9 - -3 - (-185 - -188 - ((-3 - -6) + 5))?
17
Calculate (1 + -1 - (115 + -37)) + 22.
-56
Calculate -90 + (203 - (-19 - -15)).
117
Evaluate 1 + 7 + (18 - -13) + -43 - 9.
-13
Calculate (3 - 18) + (27 - 19) + (-9 + 5 - 30).
-41
What is 32 + 13 + 3 + 28 + -14 - (12 - 1)?
51
12 + -17 - (29 + -167) - 35
98
0 + (-13 - -22) + 5 + -12 + -5 + 132
129
Calculate -23 + (9 + -5 + 14 - -4).
-1
Calculate (20 - 41) + 7 - -36 - 22.
0
Evaluate -15 - (-63 + -42 + 90).
0
-25 + -68 + -118 + 261
50
Evaluate 629 + -722 + -1 + 95.
1
-2 - (-15 - -3) - ((300 - 78) + -227)
15
Calculate (-6 - (0 + 0)) + (12 - (18 - (1 + 18))).
7
What is (-68 - -45) + 36 - (2 - 46)?
57
37 + (2 - -1) + (12 - 9)
43
What is the value of 63 + 97 + -75 - (9 + 1 + (-3 - -2))?
76
What is (42 - 26) + 11 + -59 + 14?
-18
What is -45 + 82 + -26 - 53?
-42
Calculate -131 + 19 + 106 + (1 - -2).
-3
Calculate 25 + -11 - (-20 + 26 - 0).
8
What is the value of (-4 - (-44 + 1)) + (138 - 141)?
36
(5 - (-14 + 14 + 11 + 2)) + -20
-28
Evaluate (59 - 59 - (-4 - (6 + 0))) + -42.
-32
(21 + -12 - (36 + -12)) + -2 + -4
-21
Evaluate (12 - 147 - (-1 - 35)) + -31.
-130
72 + 0 - (-9498 + 9647)
-77
What is -17 + -63 + (55 - -26)?
1
56 + -10 + (-1 - -12) + (-41 - -22)
38
-24 - -10 - -43 - 15 - -32
46
What is -10 + (36 - 18) + -2 + -16?
-10
What is (86 + -69 - (1 + 5)) + -8?
3
Evaluate -90 + 128 + (8 - (6 - -9)).
31
What is (-292 + 315 - (74 + -3)) + -2?
-50
What is the value of 32 - (34 - 51 - -51)?
-2
Evaluate -14 + -13 + 1 + (-21 + 54 - 19) + -91.
-103
What is 13 + 11 + -6 + -14 - (-22 + 6 + -8)?
28
Evaluate 13 + (15 - 39) - ((-23 - -30) + 3).
-21
5 - (20 + -12) - 67 - -15
-55
162 + (17 - (56 + 7)) + (-2 - (-13 + 2))
125
-88 - (3 + -2 - ((0 - 4) + (33 - 27)))
-87
What is the value of (-9 - ((-9 - 8) + 100)) + 26 + 1 + 6?
-59
What is the value of -7 + (42 - (13 - (0 + 4 - 6 - -2)))?
22
Evaluate -1 + (9 + -2 - (62 - 67)) - 5.
6
(52 + 0 - 2) + (202 + -90 - 123)
39
-15 + -16 + -2 + (24 - -45 - -42)
78
What is (20 - (18 - 1)) + -5 + (12 - 2 - 4)?
4
Evaluate -77 - -102 - 15 - (7 - 2).
5
-9 + 8 + -9 + 7 + -1 + -69 + 10
-63
Calculate 55 + -5 + (22 - (6 - (-13 - -5))).
58
Calculate -86 + 39 + -3 + (-82 - -1).
-131
-2 + (-2 - -11) - (-14 - -9 - 11)
23
Evaluate -36 - -61 - 17 - 7.
1
What is -26 + (7 - (-11 - -20 - 5))?
-23
Evaluate 23 + -52 + 8 - -20.
-1
Calculate 0 - 50 - (11 - 43).
-18
What is -2 + 5 + -1 - (659 - 672)?
15
Evaluate 67 - (-54 + (-77 - -124)).
74
Evaluate 104 + 14 - 73 - (15 - -1).
29
What is the value of (-101 - (2 + 1 - 1)) + -8 + (12 - 7)?
-106
11 + 3 + 86 + 168 + -218
50
Calculate (11 - (25 - 9)) + -9 + (55 - -5 - 11).
35
-12 - ((5 - (-31 + 16 - -19)) + -2)
-11
-44 + 35 + 19 + -23
-13
What is the value of (18 - (-13 + 18)) + (-3 + -6 - 3) - -98?
99
What is the value of (-3 - -62) + 8 + 14?
81
-78 - (57 + (-25 - 152))
42
What is 4 + (-7 - (1 + -13 + 19)) + 13?
3
30 + -124 + (-4 - -49)
-49
What is 11 + (-16 - 13 - (-1 + 22))?
-39
Evaluate 6 + (2 - 31 - 1) - -18.
-6
What is 1 + 4 + (-1 - 13) - (15 + -59 + 78)?
-43
Calculate -25 + 1 - 1 - (4226 - 4223).
-28
What is -4 + (2 + 0 - -17) - (250 - 240)?
5
What is the value of (27 + -38 + 24 - (-4 - 1)) + 46?
64
What is the value of (-54 - 1) + (-26 - (16 + -65 - -17))?
-49
Calculate (25 - 0) + -28 + 0 + 47 + -6.
38
What is the value of -1 + (-22 - (11 + -63 + -23 + 1))?
51
What is the value of -10 + (-6 - (-3 - 14)) - 6?
-5
What is the value of 3 - (3 + 4) - (26 + -44 + 15)?
-1
What is 2 + -18 + (25 + -11 - 28)?
-30
What is the value of (46 + -6 - ((-1 - 12) + 25)) + 4?
32
Calculate -6 - (-7 - (17 + -58 - -15)).
-25
Evaluate 85 + -108 + 4 + (27 - 3).
5
Evaluate -2 + 1 + 4741 + -4700.
40
What is -762 + 769 - ((2 - (4 + -3)) + (-28 - 4))?
38
-14 + 12 + (-11 - (1 + -7)) + (-10 - -5)
-12
What is 12 - (-9 - (5 + 11 - 10) - -1 - -16)?
10
Calculate -10 + (-2 - -4) + 1 + (-1288 - -1232).
-63
What is the value of 116 + -95 - (1 + -2 - 17 - -7)?
32
8 - (185 - -10 - 75)
-112
What is the value of -6 - (10 + -4) - (-19 - 42)?
49
Evaluate 136 - ((-151 - 2) + 142).
147
(-70 - -4 - (19 - (18 + -2))) + -11
-80
Calculate (-11 - (-20 + (-7 - (-24 + 8)))) + (-3 - -55).
52
68 + -10 - (-58 - -114)
2
(-45 - 5 - -23) + (0 - -3)
-24
Calculate (-46 - -63) + 8 + -120.
-95
What is (2808 - 2793) + (-7 - (-4 + -2 + 0 + 3))?
11
Calculate -13 - (72 + -16 + (-4 - -30)).
-95
Evaluate 6 + 5 + 3 + -4 + -23 + -30 + 30.
-13
Calculate 15 + 1 - (-16893 + 16852).
57
What is -6 + (-3 - (-9 + 7 + 3) - (2 - 36))?
24
Evaluate -71 + -83 + 101 - -9.
-44
Calculate 1 - 2 - 0 - ((-7 - (-4 - 16)) + 6).
-20
What is the value of -7 + 19 + -11 + 8 - -2?
11
What is the value of (27 - -130) + -174 + (12 - -2)?
-3
What is the value of 1 - 50 - -1 - (85840 - 85850)?
-38
What is the value of (28 - 33) + (-24 - 11) + 13 + 1?
-26
What is -31 + -8 + -5 + 41?
-3
Evaluate 2 + -11 + 27 + -19 + 7.
6
What is ((-29 - -21) + 10 - (9 - 2)) + 23 + 1?
19
Calculate (-4 - -67) + (-9 - 19) + 32.
67
5 - (1222 - 1229 - (-26 + 1 + 0)) - 86
-99
-522 + 527 + (-9 - (5 - 10)) + -55 + -2
-56
Evaluate 9 + -2 + -1 - (-14 + 12) - -34.
42
20 + 5 + 7 + (-24 - -3 - -5)
16
What is the value of 12 + (1 - 2) - (57 - (28 - 12 - 3))?
-33
What is the value of 68 + (7 + (97 - 74) - (19 + 2 + -6))?
83
(32 - 6) + 10 - -10
46
What is 0 + 16 + -12 - -40 - 34?
10
Calculate (42 - -4 - (32 - 1)) + -101.
-86
What is the value of -88 + -57 + 147 - (4 - (-6 - -31))?
23
What is 317 - 331 - (5 - 13)?
-6
What is -1 - 1 - (-1 - -5) - (-1 - 2)?
-3
Calculate -6 + (33 - (1 - -7 - (-17 + 6 + 12))).
20
Evaluate 33 - ((86 - 87) + -22).
56
What is -21 - (2 - (-9 - (-73 - -21)))?
20
16 + 0 - (25 - (48 + -51 + 78))
66
Evaluate -28 + -26 - -42 - -35.
23
Calculate -86 + 4 + (-32 - -76 - 35).
-73
What is the value of 101 - (47 + (11 - 7 - 28))?
78
What is 62 + -19 + (-1 - -7) + 1 - (8 - -1)?
41
Calculate 10 + -5 - (7 + 1) - 70 - (-347 + 342).
-68
What is the value of 38 + (12 - -19) + -85?
-16
What is the value of -328 + 375 - (27 + 6)?
14
Calculate 62 + -47 + -4 - 78.
-67
Calculate 0 + -108 - (142 - 153) - (1 + (-17 - -9)).
-90
Calculate -20 + 10 - 7 - -46.
29
(-63 - (-50 - -55)) + 23 + (3 - (1 - 1))
-42
Evaluate -280 + 371 + 2 + -124.
-31
What is 15 - (25 - (-7 + 21)) - (-46 - 1)?
51
-74 + -1 - (21 + -17 + -2 + -16)
-61
What is the value of 12 + (9 + -10 - -8) - (-7 - 2)?
28
What is the value of (-2 - 24 - -1) + (720 - 718)?
-23
What is the value of -106 - 2 - 2 - 0 - (-11029 + 11047)?
-128
What is the value of -175 - (59 - 223) - (1 + -1 - (-1 + 75))?
63
What is the value of -3 + 9 - (12 - 0